- 4*v = s. What is the hundreds digit of p?
1
Let t = -7765 + 28319. What is the units digit of t?
4
Let o(q) = q**3 - q**2 - 3*q + 8. Let j = 49 - 44. Suppose -j*i + m = -34, 8 = -5*i + 3*m + 50. What is the hundreds digit of o(i)?
1
Let q(v) be the first derivative of 22*v**3/3 + v**2/2 + 10*v - 34. What is the units digit of q(6)?
8
Suppose 18*j - 22*j + 28 = 0, v - 5*j = 47562. What is the tens digit of v?
9
Let h = -27 + 24. Let l be -5 - ((h - 8) + 1). Suppose 2*j = -5*s + 234 + 579, -20 = -l*j. What is the tens digit of s?
6
Suppose 0 = -2*h + 7*h + 25, -6801 = -y + 4*h. What is the thousands digit of y?
6
Let o = -268 + 406. Let n = 245 + o. What is the units digit of n?
3
Suppose -13*f = -6*f + 28. Let w be f + (-644)/(-63) + 2/(-9). Suppose 85 = w*g - 89. What is the units digit of g?
9
Suppose -1776 = 8*r - 56712. Suppose 21*m - 19698 = r. What is the units digit of m?
5
Suppose 3*k + 4*h - 29 = 0, k - 8*h = -11*h + 18. What is the hundreds digit of -27 + 22 - (k + -844)?
8
Suppose -3*p + 13*h = 17*h - 33060, 0 = 4*p + 2*h - 44080. What is the thousands digit of p?
1
Suppose 943 = -4*w - 3*x, 2*w = -2*w + 2*x - 958. Let z = -72 - w. What is the hundreds digit of z?
1
Let b = 24405 + -4643. What is the thousands digit of b?
9
Let f(u) = u**3 - u**2 + u - 1. Let k be f(2). Suppose -56 = 5*h + k*c - 11, -4*h = 2*c + 28. Let w(b) = -9*b + 9. What is the units digit of w(h)?
4
Let w = 2501 - -356. What is the hundreds digit of w?
8
Let a = 1702 - 872. Suppose -5*z - a + 275 = 5*f, 5*f + z = -567. Let l = f - -180. What is the tens digit of l?
6
Let w be (15/5)/3*(-2 - -423). Let q = w - -9. What is the hundreds digit of q?
4
Suppose -47632 = -3*x - 5*a, 4*a + 89 = 73. What is the hundreds digit of x?
8
Suppose 173 = 39*d - 22. Suppose -4*j = -4, d*g + 6*j - 736 = 5*j. What is the tens digit of g?
4
Let a(u) = -60*u + 144. Let i be a(-8). Suppose 5*s + 663 = 3*w + 39, 3*w - i = s. What is the tens digit of w?
0
Suppose 9*p + 104 = 113. What is the tens digit of ((-80)/(-15))/((-3)/(-9)) + p?
1
Let y = 2401 + -1587. What is the hundreds digit of y?
8
Let o(p) = p**3 + 154*p**2 + 731*p - 472. What is the tens digit of o(-145)?
5
Suppose 0 = 3*x + 2*u - 90 - 119, -5 = -5*u. Let c = -60 + x. Suppose 14*g - 540 = c*g. What is the hundreds digit of g?
1
Suppose -5*l + 10*l - 141594 = 123436. What is the hundreds digit of l?
0
Suppose 0 = 2*q - 10, -a = -9*q + 4*q + 126. Let i = a + 157. What is the tens digit of i?
5
Let t(a) = a**3 + 12*a**2 - 6*a - 3. Let y(r) = r + 13. Let w be y(4). Suppose -7*i - 53 = w. What is the tens digit of t(i)?
5
Suppose -46*p + 21285 = -31*p. What is the units digit of p?
9
Let f(i) = 2*i**2 - 21*i + 20. Let j(u) = u**3 - 7*u**2 - 2*u + 28. Let c be j(7). What is the hundreds digit of f(c)?
1
Suppose -3*i + 2*s = -64, i + i = -s + 38. Suppose -i = u - 6*u. Suppose -u*q + 152 + 100 = 0. What is the tens digit of q?
6
Let d be 1*5 - (3 + -392). Let l = d - -201. What is the hundreds digit of l?
5
Suppose 9*s - 28185 = 13494. What is the tens digit of s?
3
Let d(t) = 3*t. Let s(p) = 36*p - 103. Let g(n) = 3*d(n) - s(n). What is the thousands digit of g(-45)?
1
Suppose 12*t = -8*t - 77299 + 277939. What is the hundreds digit of t?
0
Suppose -75 = 2*u + 1311. Let f = 1399 + u. Suppose f = 4*v - 130. What is the hundreds digit of v?
2
What is the hundreds digit of 16780/18 + ((-28)/70)/((-18)/(-10))?
9
Let c = -2 + 4. Let j be (-6)/c*(2/(-3) - -2). Let h(k) = 5*k**2 - 4*k + 8. What is the hundreds digit of h(j)?
1
Let a(s) = -2*s**2 - 16*s + 21. Let c be a(-9). Suppose 3*h = 2*g - 7, -4*g + 22 = -c*h + g. What is the units digit of h?
1
Let a(x) be the first derivative of 44*x**3 - 3*x**2 - 8*x + 74. What is the hundreds digit of a(-2)?
5
Let o = -22394 - -33598. What is the ten thousands digit of o?
1
Let a = 9645 + -6878. Suppose -401 = -8*w + a. What is the hundreds digit of w?
3
Let l(p) = -263*p**3 + 2*p**2 + p. Suppose 32 = -11*q + 21. What is the tens digit of l(q)?
6
Let h(y) = 119*y**3 - 18*y**2 + 69*y - 11. What is the hundreds digit of h(4)?
5
Suppose 0 = 4*m + v - 64063, -8*m + 5*m + 3*v + 48021 = 0. What is the ten thousands digit of m?
1
Let r = -52 + 56. Suppose -y - 2*o + 138 = -5*y, -o = -r*y - 141. What is the tens digit of ((-336)/y)/(2/24)?
1
Let q = -90 + 198. Let n(s) = s**3 + 10*s**2 + 3*s + 19. Let i be n(-9). Let b = q - i. What is the units digit of b?
5
Let y(w) = -39*w + 5. Let l be y(5). Let n = l + 360. Suppose 3*u + 4*p - n = 0, -4*u - p + 151 + 80 = 0. What is the units digit of u?
8
Let f(k) = k**3 + 6*k**2 - 4*k - 22. Let x be f(-6). What is the tens digit of 1/((-13160)/6584 + x)?
2
Let j(o) = 404*o**2 - 42*o - 124. What is the hundreds digit of j(-3)?
6
Suppose 0 = -4*s - 3*c + 79887, s + 5*c - 16632 - 3378 = 0. What is the units digit of s?
5
What is the hundreds digit of 4/5 - (-4413318)/1365?
2
Let r = -55 + -5. Let q = r + 55. What is the hundreds digit of (-298)/8*(-5 - (-6 - q))?
1
Suppose -3*t - 3*z = -1710, 8*z = 4*t + 9*z - 2283. What is the units digit of t?
1
Let h(j) = -8*j**2 - 5*j - 15. Let l = -48 - -43. Let m be h(l). Let g = -107 - m. What is the tens digit of g?
8
Let s be 4/(-40)*4*(-15)/3. Suppose -2*n = -s*z + 144, -214 = -3*z + 2*n + 3*n. What is the units digit of z?
3
What is the hundreds digit of (3 + 0)*(-576675)/(-675)?
5
Let t(c) = 6*c + 0*c**2 + 0*c**2 + 3*c**2 + 2 - 4*c**2. Let x be t(6). Suppose 48 = x*g - 60. What is the tens digit of g?
5
Suppose -29*r - 10044 = 2*r. Let z = r - -562. What is the units digit of z?
8
Suppose 2*b - 14370 = 3*c, -114*b - 4*c - 35918 = -119*b. What is the hundreds digit of b?
1
Let o be (-34)/(-5 - 66/(-14)). Let c = -81 + o. What is the units digit of c?
8
Suppose r + 22688 = 5*d, 2*d = r - 5740 + 14817. What is the units digit of d?
7
Suppose 86*x - 1084719 = 35*x. What is the hundreds digit of x?
2
Suppose -12101 = -13147*n + 13146*n. What is the thousands digit of n?
2
Let c(z) = -4*z - 2. Let f be c(0). What is the hundreds digit of 618 + -10*f/(-4)?
6
Let a(k) = 2*k**2 - 5*k - 8. Suppose 5*v - 19 = -69. What is the tens digit of a(v)?
4
Suppose 2*p = p - h + 561, 4 = 4*h. Suppose -59 + 11 = -l. Suppose -l*x - p = -53*x. What is the tens digit of x?
1
Let g = 7323 + -7158. What is the units digit of g?
5
Let u = 3892 - -4028. Suppose u = 11*l + 1991. What is the hundreds digit of l?
5
Let c be 5 + 6/((-24)/20). Suppose c = -167*x + 164*x + 162. What is the tens digit of x?
5
What is the units digit of (5 - 8) + -12550*(-5)/10?
2
Let i = -530 + 329. What is the tens digit of -12*(i/6 - 5 - -5)?
0
Let x(m) = m**3 + 3*m**2 - 8*m - 7. Let p be x(-4). Let y = p - 4. Suppose l + 0*c + 5*c = 120, y*l = -4*c + 600. What is the tens digit of l?
2
Let p = 414 - 259. Let r = p - 54. Let i = r + -27. What is the tens digit of i?
7
Suppose 0 = -3*k - 3*k + 90. Suppose 5*l = -i - 8, 3*i - 3*l = -9 - k. What is the units digit of i/36 - 596/(-9)?
6
What is the thousands digit of ((-3030)/(-42) + 5)*168?
2
Let v(f) = 562*f - 19. Suppose 9*j = -5*q + 10*j + 13, -2*j = 2*q + 2. What is the thousands digit of v(q)?
1
Let h(c) = -c**3 + 10*c**2 + 12*c - 7. Let f be h(11). Let i be (-3)/(9/(-2))*(-252)/(-24). Suppose i = -f*a + 83. What is the tens digit of a?
1
Let f = 91 - -65. What is the tens digit of f*((-10)/(-3) - 0)?
2
Let p(f) = -f**2 + 3*f + 1. Let i be p(1). Suppose i*t - 5*w = -0*t + 978, 3*w + 326 = t. What is the hundreds digit of t?
3
What is the tens digit of -20 - (-50628 + -22 - -5)?
2
Let z(g) = g**3 - 5*g**2 + 2*g + 12. Suppose 0 = -3*h - 5 + 26. Let p be z(h). Suppose -3*y = -4*x - 10 + 102, -5*y + p = 4*x. What is the tens digit of x?
2
Suppose -10*d - 40 = -11*d. Suppose -3*z + d = z + 4*t, -4*t + 16 = z. Suppose -41 = -z*j + 447. What is the tens digit of j?
6
Let a(q) = q**3 + 11*q**2 + 10*q + 5. Let h be a(-10). Let f = 191 + -43. Suppose -2*n = n - h*b - f, b = -n + 52. What is the tens digit of n?
5
Suppose -4*l - 4*s = 22 + 66, -2*l - 44 = 5*s. Let j = 42 - l. Suppose -i + 0*i = -j. What is the tens digit of i?
6
Let g be 3/((-99)/6) - (-58032)/99. Let t = g + 294. What is the units digit of t?
0
Let c(g) = 5*g**2 - 11*g - 35. What is the tens digit of c(-4)?
8
Let p(f) = 2*f**3 + 31*f**2 + 12*f - 23. Let